p + a. What is the remainder when p is divided by d?
7
Let x be (-3)/(-1) - (3 + -3). Let p = 6 - -25. Calculate the remainder when p is divided by 2/x*(-33)/(-2).
9
Suppose 54 = -w - w. Let s = w + 59. What is the remainder when s is divided by 11?
10
Suppose 3*l - 144 = m - 4*m, 0 = 3*l - 2*m - 129. What is the remainder when l is divided by 12?
9
Let s(t) = -6*t - 7. Let j be s(5). Let h = j - -62. What is the remainder when h is divided by 14?
11
Let t(x) = -x**2 + 8*x + 2. What is the remainder when 52 is divided by t(6)?
10
Suppose i = 3*i + 2. Let u be i/((-1)/(5 - 1)). Suppose -u*f - 3 = -27. What is the remainder when 17 is divided by f?
5
Let p = 149 - 30. Suppose 637 = 19*d + 200. Calculate the remainder when d is divided by p/9 + (-2)/9.
10
Suppose 4*p + 168 = 3*j - 0*p, 0 = p - 3. Let l = 130 - j. Calculate the remainder when l is divided by 18.
16
What is the remainder when (10 + -15)*(-206)/10 is divided by 8?
7
Let d = -27 - -65. What is the remainder when d is divided by 10?
8
Let w be ((-8)/6)/(1/(-6)). Suppose 3 = -o + 2*t + w, t - 2 = 0. Suppose 80 = -0*f + 5*f. What is the remainder when f is divided by o?
7
Let n(y) = -4*y**2 + y - 1. Let p be n(1). Let b = 9 + p. Suppose -42 = -3*a + r - 0, 0 = 2*r. Calculate the remainder when a is divided by b.
4
Let w = 49 - 24. Let n = 51 - w. Let v = -114 - -123. What is the remainder when n is divided by v?
8
Suppose 0 = -0*y - 5*y + 530. Calculate the remainder when y is divided by 27.
25
What is the remainder when 12 is divided by 5 - -2 - (1 + 1 - 0)?
2
Let z = 129 - 121. Calculate the remainder when 53 is divided by z.
5
Suppose 9 = -2*r + 39. Let u(t) = -t**2 - 8*t - 4. Let c be u(-7). Let z(q) = 4*q**2 - 2*q - 1. What is the remainder when z(c) is divided by r?
14
Calculate the remainder when 27 is divided by 18/(-27) + 64/6.
7
Suppose 0 = -5*b + 4*d - 69, 41 - 4 = -3*b - 2*d. Let q = 23 + b. Calculate the remainder when q is divided by 6.
4
Let m = 49 - 35. Let g be (-182)/(-49) + (-4)/(-14). Let l = 31 - g. Calculate the remainder when l is divided by m.
13
Suppose -5*c + 14 = -4*c - 2*n, 0 = -3*c + n + 52. Suppose 0 = 2*b - 0*b - c. Suppose u + 0*u - b = 0. What is the remainder when 15 is divided by u?
6
Let l = -95 - -100. Calculate the remainder when 73 is divided by l.
3
Suppose 48*r - 39 = 47*r. What is the remainder when 192 is divided by r?
36
Suppose 4*i - 76 = 2*z, 0 = -5*i + 2*z + 72 + 22. Calculate the remainder when 68 is divided by i.
14
Let z = -4 - -4. Let b(a) = -3 + 5 + z*a + 2*a**2 - 2*a. What is the remainder when b(3) is divided by 5?
4
Suppose a + 27 = 2*y, 35 = 3*y + 8*a - 4*a. Calculate the remainder when y is divided by 7.
6
Let f be (2/(-2))/(3/(-102)). Let r = 5 + f. What is the remainder when r is divided by (4/6)/((-1)/(-21))?
11
Suppose 0*l + 104 = 8*l. What is the remainder when 25 is divided by l?
12
Let s = 30 + 4. Suppose -s = -4*x + 86. Calculate the remainder when x is divided by 16.
14
Suppose 0 = 7*b - 2*b, 4*h - 2*b = 16. Let s = h - 1. Suppose 2*u = 3*x - 30, -5*x - u = s*u - 72. Calculate the remainder when 35 is divided by x.
11
Suppose -c + 156 + 84 = 0. What is the remainder when 69 is divided by c/18 + 4/6?
13
Suppose -2*c + 35 = 31. Suppose 4*h + 4*y - 132 = 0, 0 = -0*h + c*h - 2*y - 66. Suppose 3*l - 11 - 16 = 0. Calculate the remainder when h is divided by l.
6
Suppose 6*s - 4*s - 24 = 0. Let k(z) = -7*z - 7. Let w be k(-9). Let r = 79 - w. Calculate the remainder when r is divided by s.
11
Suppose 3*r - 139 + 19 = 0. Suppose -g = 3*g - r. Let z(w) = 2*w + 5. What is the remainder when z(g) is divided by 9?
7
Suppose 0*l - l = -12. Suppose 4*s + 4 = 2*m, 0 = -5*m + 2*s + 2 + 16. Calculate the remainder when (0 - m)/(2/(-23)) is divided by l.
10
Suppose 0 = 2*b - 17 - 11. Let r(c) = c - 6. What is the remainder when 13 is divided by r(b)?
5
Calculate the remainder when (10/25)/(1/185) is divided by (-41)/(-2) + 1*(-3)/2.
17
Let z(d) = d - 7. Let s(x) = 1. Let y(u) = 2*s(u) - z(u). Let i be -7 + (-2 - 0)/2. What is the remainder when 33 is divided by y(i)?
16
Let y(l) = 2*l - 1. Let f be y(2). What is the remainder when 49 is divided by f*(-3 + (-44)/(-6))?
10
Let n(q) = 10*q**2 - 7*q + 3. Let k be (-2 - -2) + 15/3. Let t be n(k). Calculate the remainder when t/6 + (-2)/(-3) is divided by 13.
11
Let i(o) = 4*o**2 - 2*o**2 - 3 + 0 - 4*o - 6*o**2 - 2*o**3. Let v be i(-2). Let n = v - -2. Calculate the remainder when 12 is divided by n.
5
Let p = 93 + -40. Calculate the remainder when p is divided by 19.
15
Let c = 6 + 0. Calculate the remainder when 21 is divided by c.
3
Let g(c) = 2*c + 39. Calculate the remainder when 17 is divided by g(-12).
2
Let m = -49 + 82. What is the remainder when m is divided by 9?
6
Let d = 172 + -90. Suppose -4*l + 290 = -d. What is the remainder when l is divided by 24?
21
Suppose -2 = -4*r + 14. Suppose -7*l - 10 = -8*l. What is the remainder when l is divided by r?
2
Let u be (0 + 3)/((-3)/(-15)). Suppose 0*h - u = -h. Suppose -a - i = -3*i, a - h = -i. Calculate the remainder when a is divided by 4.
2
Let s(w) = w**2 - 8*w + 3. Let o(a) = a - 1. Let k be o(2). Let y(x) = -x. Let z(v) = k*s(v) - 2*y(v). Calculate the remainder when z(6) is divided by 2.
1
Suppose -n - 15 = k, 2*k = -k - 3. Let h = 24 + n. Suppose -4*m = -6*m + 58. Calculate the remainder when m is divided by h.
9
Let t(w) = 3*w**2 - w. Let a = 5 - -33. Suppose 0*f - a = -2*f. Calculate the remainder when f is divided by t(2).
9
Suppose -8*z = -42 + 18. Calculate the remainder when 12 is divided by z.
0
Let u be 3*(2*-1 + 7). Suppose -3*o + 0*o = -u. Suppose -121 = -3*k + r, -o*k - 3*r + 356 = 145. Calculate the remainder when k is divided by 21.
20
What is the remainder when 2475/35 + 2/7 is divided by 18?
17
Let c(r) = 17*r**2 + 6*r - 1. Let w(d) = 18*d**2 + 7*d - 1. Let g(k) = 6*c(k) - 5*w(k). What is the remainder when 21 is divided by g(1)?
9
Let v(p) = -p + 10. Let s be v(8). Suppose s*g - 7*g = -55. What is the remainder when g is divided by 6?
5
Let m(s) = -s**3 + 4*s**2 + 8*s - 10. What is the remainder when 19 is divided by m(5)?
4
Let h = 46 - 13. What is the remainder when h is divided by (-129)/(-15) - -2*(-2)/(-10)?
6
Suppose 5*x - 49 = 3*p, 7 - 32 = -5*x - 5*p. What is the remainder when 21 is divided by x?
5
Let a = 6 + 9. Suppose i - 21 = 4*t, -3*t + i - 9 = -2*t. Calculate the remainder when 696/16 + (-2)/t is divided by a.
14
Let h(w) = -w + 5. Let a(g) = -8*g - 5. Calculate the remainder when a(-7) is divided by h(-8).
12
Let r = -46 + 131. Suppose n = 6*n - r. What is the remainder when n is divided by 5?
2
Calculate the remainder when 22 is divided by (-2)/3*162/(-12).
4
Suppose 2*n + 70 = -0*n. Let k = n + 50. What is the remainder when k is divided by 4?
3
What is the remainder when 3 - (-42)/(-15) - 149/(-5) is divided by 20?
10
Let a = 229 - 110. What is the remainder when a is divided by 30?
29
Suppose 23 = 5*o - 7. Let f(k) = -k**2 + 11*k + 3. Let c be f(o). Suppose s + 2*s = c. Calculate the remainder when 32 is divided by s.
10
Let x = -78 - -37. Let q = -27 - x. What is the remainder when 41 is divided by q?
13
Let x(u) = -4*u + 46. Let v(d) = -d + 9. Let s(m) = -11*v(m) + 2*x(m). Let t(g) = -3*g - 3. Let z be t(-3). Calculate the remainder when 32 is divided by s(z).
10
Let f be (-1)/(-5) + (-42)/10. What is the remainder when ((-8)/(-10))/(f/(-110)) is divided by 12?
10
Suppose -q = -m + 29, 4*q = 2*m - 5*m + 101. Calculate the remainder when m is divided by 9.
4
What is the remainder when 3 - (30/(-3) + -2) is divided by 9?
6
Let s be 1/(-2) + 70/(-4). What is the remainder when 17 is divided by -7*(0 - s/(-21))?
5
Let z = 38 + -131. Let y = -40 - z. What is the remainder when y is divided by 14?
11
What is the remainder when ((-7)/(-1))/(-2 - -3) is divided by 3?
1
Suppose 5*p + 0*p = -50. Let y = -7 - p. Let s = 7 + y. What is the remainder when s is divided by 3?
1
Let x(k) = 11*k**2 + 3*k - 1. Let h be x(2). Let z = h - 32. What is the remainder when z is divided by (2 - 3)*(-7 - -1)?
5
Let t(m) = -m - 3. Let v be t(-8). Let b(o) = o**3 + 7*o**2 - 2*o + 3. Calculate the remainder when b(-4) is divided by ((-10)/(-3))/(v/30).
19
Suppose 0 = 2*k - 28 - 6. Let j = -8 + k. Calculate the remaind